 - 193*r + 8932. Give q(116).
0
Let y(i) = 3*i**2 + 59*i + 202. What is y(-15)?
-8
Let b(u) = 30*u**2 - 269*u - 1. Calculate b(9).
8
Let t(w) = w**3 - 2*w**2 - 7*w - 3. Give t(-3).
-27
Let g(s) = 425*s + 1077. Calculate g(-3).
-198
Let w(x) = -6*x**3 - 319*x**2 - 76*x - 1251. Determine w(-53).
-32
Let k(i) = -i**3 + 25*i - 161. What is k(-7)?
7
Let w(p) = -p**3 - 10*p**2 - 9*p - 10. Calculate w(-5).
-90
Let d(h) = -114*h + 1165. Calculate d(12).
-203
Let g(i) = 740*i**3 - 3*i**2 + 8*i + 10. Determine g(-1).
-741
Let z(t) = -t**3 - 14*t**2 - 37*t - 23. Calculate z(-10).
-53
Let y(c) = -c**2 - 210*c - 4110. Calculate y(-21).
-141
Let f(s) = 1206*s + 14478. Calculate f(-12).
6
Let x(q) = -q**3 + 15*q**2 + 26*q - 542. What is x(14)?
18
Let x(a) = a**2 + 140*a + 4034. Give x(-100).
34
Let a(w) = -5*w**3 + 7*w + 16. Calculate a(-2).
42
Let k(h) = 2*h**2 - 11*h - 254. Calculate k(-9).
7
Let u(s) = -s**3 + 54*s**2 + 65*s + 158. Determine u(55).
708
Let m(r) = r**3 - 52*r**2 + 147*r - 3. Determine m(49).
-3
Let g(r) = -r**2 - 3*r + 647. Determine g(-27).
-1
Let z(a) = 2*a**2 - 139*a + 1468. Calculate z(13).
-1
Let p(d) = -42*d - 1582. Give p(-39).
56
Let t(j) = j**2 - 114*j + 1746. What is t(16)?
178
Let g(l) = l**3 + 2*l**2 - 8*l - 3. Determine g(4).
61
Let p(v) = -2*v**2 - 14*v + 23. Calculate p(10).
-317
Let i(j) = -j**2 - 54*j - 514. Give i(-42).
-10
Let i(w) = -w**2 - 86*w - 1421. Calculate i(-21).
-56
Let u(o) = o**2 + 298*o + 3987. Give u(-14).
11
Let q(p) = -364*p - 3637. What is q(-10)?
3
Let p(d) = -d**3 - 12*d**2 - 338*d - 3591. Calculate p(-11).
6
Let u(j) = 263*j + 8. What is u(-1)?
-255
Let c(a) = 2*a**3 + 162*a**2 - 7*a - 608. Determine c(-81).
-41
Let g(n) = n**3 - 3*n**2 - 238*n + 8. Calculate g(17).
8
Let o(n) = 647*n + 1043. Determine o(-2).
-251
Let g(b) = b**2 - 39*b - 2484. Determine g(73).
-2
Let d(p) = -p**3 - 28*p**2 + 143*p + 4008. Give d(-28).
4
Let r(q) = -61*q + 118. Give r(2).
-4
Let f(l) = 4*l**2 + 32*l + 15. Determine f(-8).
15
Let r(b) = 2*b**3 + 64*b**2 - 64*b + 49. Calculate r(-33).
-17
Let f(h) = -185*h + 4980. Determine f(27).
-15
Let n(i) = -i**3 - 3*i**2 - 2*i. Calculate n(-5).
60
Let a(c) = -c**2 + 475*c - 14999. Determine a(34).
-5
Let g(j) = -22*j - 369. Determine g(-18).
27
Let b(p) = -4*p**2 - 530*p + 1075. What is b(2)?
-1
Let g(h) = 48*h - 1989. Calculate g(42).
27
Let v(l) = -62*l + 67. Give v(1).
5
Let j(w) = -4*w**2 + 811*w + 1052. Determine j(204).
32
Let m(h) = h**2 + 23*h + 132. What is m(-10)?
2
Let q(m) = 136*m + 1994. What is q(-12)?
362
Let z(l) = -142*l + 648. Calculate z(4).
80
Let p(f) = -8*f**2 - 37*f - 329. Calculate p(-7).
-462
Let r(b) = b**2 - 22*b + 106. Determine r(33).
469
Let b(y) = y**3 + 29*y**2 + 6*y + 56. Give b(-29).
-118
Let d(b) = 34*b + 3. What is d(3)?
105
Let o(s) = -2*s**2 + 292*s + 10974. Give o(-31).
0
Let w(z) = -2*z**3 + 27*z**2 + 48*z - 485. Calculate w(14).
-9
Let o(w) = w**2 + 30*w - 73. Determine o(-33).
26
Let l(k) = 26*k**3 - k**2 - 5*k - 5. Determine l(-1).
-27
Let o(l) = -l**3 + 29*l**2 + 497*l - 74. Calculate o(41).
131
Let w(v) = -109*v - 456. What is w(-6)?
198
Let p(z) = 65*z - 680. Give p(10).
-30
Let y(c) = -4165*c**2 + 33323*c - 23. Calculate y(8).
1
Let h(i) = 17*i**3 - 28*i**2 + 4*i - 3. Give h(2).
29
Let d(i) = 829*i - 5911. Calculate d(7).
-108
Let j(w) = w**3 - 17*w**2 - 82*w - 36. What is j(21)?
6
Let d(u) = -6*u**2 + 723*u + 1453. Give d(-2).
-17
Let i(s) = -4*s**3 - 62*s**2 + 23*s - 49. Determine i(-16).
95
Let v(t) = 2*t**3 + 9*t**2 + 70*t + 106. What is v(-2)?
-14
Let a(p) = -416*p - 6240. Determine a(-15).
0
Let p(z) = -9*z**2 - 4280*z - 6636. What is p(-474)?
0
Let w(v) = -v**3 + 6*v**2 + 151*v + 112. What is w(16)?
-32
Let i(m) = 67*m + 4340. Calculate i(-65).
-15
Let w(q) = q**3 - 3*q**2 - 130*q + 708. Determine w(8).
-12
Let t(v) = 1640*v + 32790. Calculate t(-20).
-10
Let i(n) = -36*n**3 + 2*n**2 - 9*n - 22. What is i(-2)?
292
Let i(z) = 11*z - 102. What is i(22)?
140
Let l(a) = -48*a - 1260. Give l(-27).
36
Let l(j) = j**2 + 76*j + 751. Calculate l(-12).
-17
Let r(x) = x**3 - 29*x**2 - 23*x + 2087. What is r(27)?
8
Let v(m) = 7*m**3 + 9*m**2 - 15*m + 12. What is v(0)?
12
Let k(a) = 4*a + 52. Determine k(4).
68
Let m(q) = 303*q + 3606. Calculate m(-12).
-30
Let g(x) = -209*x - 476. Give g(-2).
-58
Let m(b) = 3*b**3 + 80*b**2 - 15*b + 230. What is m(-27)?
-94
Let u(o) = -o**3 + 92*o**2 + 903*o + 613. What is u(101)?
7
Let o(c) = -387*c + 2449. Calculate o(6).
127
Let l(x) = -11*x + 614. Give l(32).
262
Let a(w) = -75*w - 21. Calculate a(-1).
54
Let t(y) = -6*y**2 + 89*y - 78. Give t(1).
5
Let o(j) = -7*j**2 - 85*j - 392. Determine o(-5).
-142
Let f(a) = -a**3 + 36*a**2 - 32*a - 139. Determine f(35).
-34
Let u(n) = 4*n**3 - 47*n**2 + 45*n + 40. Determine u(11).
172
Let d(m) = 9*m**2 - 15*m - 21. Give d(-4).
183
Let g(i) = -28*i - 422. What is g(-12)?
-86
Let l(d) = 11*d - 288. What is l(-22)?
-530
Let a(y) = -y**2 - 8*y + 50. Determine a(14).
-258
Let i(b) = -2*b**3 + 56*b**2 + 59*b + 7. What is i(29)?
36
Let u(d) = 10*d - 258. What is u(-29)?
-548
Let n(v) = 2*v**3 - 13*v**2 - v + 50. What is n(6)?
8
Let y(s) = 1357*s + 1333. What is y(-1)?
-24
Let p(q) = q**3 + 12*q**2 + 6*q + 21. Give p(-10).
161
Let c(o) = 12*o**3 + 47*o**2 - 5*o. Determine c(-4).
4
Let y(p) = -139*p + 5844. Determine y(42).
6
Let x(n) = -4*n**2 + 7*n + 16. Calculate x(3).
1
Let d(u) = 55*u - 101. Calculate d(3).
64
Let v(n) = 27*n**3 - 5*n**2 - 56*n - 152. Give v(-3).
-758
Let t(s) = 26*s**2 + 268*s - 279. Calculate t(-11).
-81
Let i(o) = -o**2 - 115*o - 2952. What is i(-50)?
298
Let g(f) = -167*f - 977. Determine g(-8).
359
Let u(c) = -3*c + 170. Determine u(-14).
212
Let m(b) = b**3 - 19*b**2 + 25*b - 250. What is m(18)?
-124
Let j(u) = -10*u**2 - 19*u - 46. Determine j(-3).
-79
Let k(v) = -5*v**2 + 17*v + 258. Calculate k(9).
6
Let w(b) = 5*b + 326. Give w(6).
356
Let p(d) = 14*d - 507. Calculate p(74).
529
Let q(d) = d**2 - 1398*d + 26214. Calculate q(19).
13
Let v(t) = 17*t**2 + 30*t + 6. Determine v(-1).
-7
Let m(h) = h**2 - 182*h + 5659. Calculate m(36).
403
Let f(r) = -17*r**2 + 149*r - 317. What is f(4)?
7
Let z(c) = -36*c**2 + 7*c + 27. Calculate z(-3).
-318
Let k(u) = 3*u**2 + 23*u + 69. Calculate k(-5).
29
Let s(k) = k**3 + 3*k**2 + 2*k + 114. Give s(0).
114
Let d(f) = -110*f - 430. Give d(-4).
10
Let b(j) = j**3 + j**2 - j + 58. What is b(0)?
58
Let c(u) = 35*u + 387. Give c(-14).
-103
Let q(f) = 337*f - 2357. Determine q(7).
2
Let f(y) = 77*y**2 + 2*y + 2. Determine f(2).
314
Let u(f) = -f**2 + 70*f + 2002. Give u(-22).
-22
Let b(l) = l**3 - 19*l**2 - 7*l - 29. Determine b(15).
-1034
Let b(d) = 128*d + 52102. Give b(-407).
6
Let b(t) = -21*t + 61. Calculate b(8).
-107
Let h(z) = -2*z**2 - 242*z - 1797. What is h(-113)?
11
Let m(o) = o + 24. Calculate m(-24).
0
Let p(a) = -2*a**2 - 196*a - 207. Calculate p(-97).
-13
Let u(n) = 7*n + 263. Determine u(-25).
88
Let p(q) = -16*q**2 + 25*q + 13. Determine p(-5).
-512
Let u(j) = -2*j**3 - 7*j**2 + 6*j - 38. What is u(-6)?
106
Let g(m) = m**2 - 2*m + 216. Give g(19).
539
Let h(g) = -42*g**2 + 27*g - 60. Calculate h(3).
-357
Let r(p) = -p**2 + 25*p + 517. Calculate r(-14).
-29
Let r(k) = 141*k**2 + 2253*k + 15. Calculate r(-16).
63
Let v(u) = -2*u**3 + 18*u**2 + 26. Determine v(9).
26
Let i(n) = -57*n + 3083. Give i(54).
5
Let i(y) = -2*y**3 - 110*y**2 - 4*y - 209. Calculate i(-55).
11
Let w(j) = 2*j**2 - 38*j - 197. Determine w(20).
-157
Let j(c) = c**3 + 24*c**2 + 62*c + 408. What is j(-22)?
12
Let z(l) = l**3 + 19*l**2 - 50*l + 81. What is z(-22)?
-271
Let k(u) = 836*u + 12553. Calculate k(-15).
13
Let m(g) = -5*g**2 + 66*g + 185. Calculate m(-3).
-58
Let f(n) = -n**2 - 525*n - 4126. Give f(-8).
10
Let w(t) = -243*t**2 + 246*t - 1. What is w(1)?
2
Let w(s) = -71*s + 142. Determine w(2).
0
Let f(l) = 3302*l + 56140. Give f(-17).
6
Let n(s) = 294*s + 6785. Give n(-23).
23
Let i(k) = 1990*k - 49761. Calculate i(25).
-11
Let a(n) = 14*n**2 + 132*n - 132. Give a(1).
14
Let b(n) = 19*n + 38. What is b(12)?
266
Let k(y) = -2*y**2 + 66*y + 376. Calculate k(-5).
-4
Let i(x) = 996*x + 1987. Determine i(-2).
-5
Let o(d) = -3*d**2 - 93*d - 257. What is o(-3)?
-5
Let h(i) = -i**3 + 24*i**2 - 38*i + 356. Determine h(23).
